 of a.
3, 7, 1637
Let s(w) be the first derivative of -w**4/4 - 5*w**3/3 + 2*w**2 - 2*w + 411. Let r be 2/8 - (-33)/(-4). What are the prime factors of s(r)?
2, 79
What are the prime factors of 128326/(209/11) + -7?
3, 13, 173
Let y = 690 - -8881. Suppose 8*o + y = 25*o. List the prime factors of o.
563
Suppose -176814 = -9*t - 32031. What are the prime factors of t?
16087
List the prime factors of (1725/(-25))/3 + 46315.
2, 71, 163
Let p(c) be the third derivative of -c**5/20 + 19*c**4/8 - 4*c**3 - 28*c**2 - c. List the prime factors of p(14).
2, 3, 31
What are the prime factors of (-2 - 26)*(3 + -2)*2795/(-52)?
5, 7, 43
Let f = -1029 + 1033. Suppose -9*q + 13*q + 3*i = 877, 0 = f*q - i - 897. List the prime factors of q.
223
Let s(j) = 6*j**2 + 3*j - 2. Let f be ((-2)/6)/((-15)/45). Let n be s(f). Suppose 5*p - 276 = -4*c, -2*p = -c - n*p + 84. List the prime factors of c.
2
Let h(d) be the third derivative of 0*d + 1/2*d**3 + 2/15*d**5 - 1/2*d**4 + 0 - d**2. What are the prime factors of h(5)?
11, 13
Suppose -9*z + 40*z = 93. Suppose z = -3*k, -s - 2*k + k + 903 = 0. List the prime factors of s.
2, 113
Let v(y) = 18*y + 21. Let o(g) = -5*g + 6. Let n be o(2). Let f be v(n). Let s = f + 135. What are the prime factors of s?
2, 3, 7
Suppose 111*x = -113*x + 8909824. List the prime factors of x.
2, 11, 113
Suppose 0 = 3*f - 0*f + 3735. Let v = f + 1830. What are the prime factors of v?
3, 5, 13
Let b(w) = w**3 - 9*w**2 - 8*w - 3. Let f = -9 - -17. Let a be ((-33)/9)/(f/12 - 1). What are the prime factors of b(a)?
151
Let f = 15985 - 7648. List the prime factors of f.
3, 7, 397
Suppose 5*z + 3*r = 16062, 4*z - 3*r + 8*r - 12860 = 0. Suppose 0 = n - 2*x - 653, 0*x = -5*n - x + z. Let o = n + -422. List the prime factors of o.
13, 17
Suppose 0 = -2*m - 5*x - 2699, -3*m - 2*x - 5552 + 1520 = 0. Let r = -789 - m. List the prime factors of r.
7, 79
Let m(c) = 8*c**2 + 2*c + 26. Let z be m(-14). Suppose -6*p + z = -3*p. What are the prime factors of p?
2, 3, 29
Suppose -3*f = m - 4*f - 1, -2*m = -3*f - 3. Suppose m = -s - d - 11, 5*s + 2*d + 57 = -d. What are the prime factors of ((-6)/(-5))/((s/(-255))/4)?
2, 3, 17
Let m(w) = -7*w**3 - 4*w**2 + 3*w - 4. Let o be (-5)/(25/(-4))*5/(-2). Let v be (o/4)/((-8)/(-48)). List the prime factors of m(v).
2, 5, 7
Let l = -9 + 12. Suppose 64 = i + i + l*r, i = -r + 33. Suppose i*p - 204 = 31*p. What are the prime factors of p?
3, 17
Let u be (-2)/10 - (524916/(-30))/6. Suppose 4*w + 2*f - u = 2*w, -w + 1452 = -2*f. List the prime factors of w.
2, 7, 13
What are the prime factors of -12 - 37*(-13 + -19)?
2, 293
Suppose -4*m = 12*k - 14*k - 56, 4*k = -3*m - 79. What are the prime factors of 23 + k - (0 - 106)?
107
Let a = 13887 - 3704. List the prime factors of a.
17, 599
Let y = -148 - -193. Suppose i + 5*w = y + 148, -w - 331 = -2*i. List the prime factors of i.
2, 3, 7
Suppose 4*q = -2*m + 58960, 6*m - 3*m + 59000 = 4*q. List the prime factors of q.
2, 19, 97
What are the prime factors of (-3)/((-42)/58684) + 36/(-3150)*-25?
2, 131
Let w be -499 + ((-8)/2 - -1) + 5. Let j = w - -874. What are the prime factors of j?
13, 29
Suppose 5*p - 345*c = -348*c + 51849, 5*c = 4*p - 41494. List the prime factors of p.
3, 3457
Let v(u) = -u**3 + u**2 - u + 7. Let p be v(2). List the prime factors of (7/7)/((-4)/(-720)*p).
2, 3, 5
Let w(m) = -2*m**2 + 11*m + 5. Suppose 4*n - 31 = -q, 2*q - 38 = -3*n - 2*n. Let z be w(n). Let r = 68 + z. List the prime factors of r.
3, 11
Let q = 8255 - 7768. What are the prime factors of q?
487
Let z = -38600 + 62532. List the prime factors of z.
2, 31, 193
Let v(s) = 19*s + 842. List the prime factors of v(30).
2, 353
Suppose 4*w + 34588 = 65*v - 63*v, -v = -w - 17290. List the prime factors of v.
2, 3, 43, 67
Let g = 84 - 68. Suppose 5*f - 3*v + 9 = 31, g = -4*v. Suppose -f*c = c - 117. List the prime factors of c.
3, 13
Let s = 243 + -16. Let p = s - -206. What are the prime factors of p?
433
Suppose 14*u - 164 = 298. Suppose -u*d + 39*d = 390. List the prime factors of d.
5, 13
List the prime factors of -10*(-10)/25 - (36/9 + -7230).
2, 3, 5, 241
Suppose d = -x + 6, 0 = 2*x - 4*d + 5*d - 10. Suppose -x*j + 9*h = 7*h - 3466, 3*j + 4*h = 2627. List the prime factors of j.
11, 79
Let l be 159*(-12)/(-18)*(11 + -3). Suppose 3*r = 2*r, -l = -4*b + 4*r. What are the prime factors of b?
2, 53
Let s = -168 + 176. Suppose -3472 = -12*f + s*f. List the prime factors of f.
2, 7, 31
Suppose -2*a + 34 = 4*l, 4*l - a = 5 + 38. Let p(w) = w**3 - 4*w**2 - 27*w - 7. List the prime factors of p(l).
17, 19
Let p be -1*64/36 - (-2)/(-9). What are the prime factors of (-1178)/(-133)*(-2 + (-11)/p)?
31
Let v = -6 - 0. Let j(u) = -15*u - 13. Let a(d) = -15*d - 13. Let g(k) = v*a(k) + 7*j(k). List the prime factors of g(-5).
2, 31
Let l = -10342 + 17794. List the prime factors of l.
2, 3, 23
Let v = -212 - -333. Let i = 283 + v. List the prime factors of i.
2, 101
Suppose 24229 = 20*m - 13031. Suppose 0 = 62*y - 53*y - m. List the prime factors of y.
3, 23
Let y(h) = -h**3 + 29*h**2 - 26*h + 48. Suppose -o + 3*r + r = -32, -3*o - 2*r = -82. What are the prime factors of y(o)?
2, 13
Let k be (-3 + 15/(-10))*-62. Suppose w + 4*u - k = 102, w - 5*u = 399. What are the prime factors of w?
389
Let m(x) = -1097*x - 8. Let l be m(-1). Suppose i = -a + 4*a + 1110, l = i + 4*a. What are the prime factors of i?
3, 367
Let d(i) = 6503*i**3 - 3*i**2 + 7*i - 4. What are the prime factors of d(1)?
7, 929
Let d(o) = o**3 + 15*o + 3. Let i(k) = 2*k**2 + 1. Let z(g) = -d(g) - 6*i(g). What are the prime factors of z(-11)?
5, 7
Let i be (-3)/5 - (-14)/(-140)*-37896. Suppose 3*l - 6*w - 2843 = -5*w, -4*l = -w - i. What are the prime factors of l?
2, 11, 43
Let m(w) = w**3 - 4*w**2 - 4*w + 3. Let p be m(4). Let n(a) = -38*a. Let f be n(-1). Let x = f + p. What are the prime factors of x?
5
Let s be (36/(-126))/(3/(-21)). Suppose a = s*a - 5*i - 1103, -4*a + 4517 = i. List the prime factors of a.
2, 3, 47
Suppose z = -5*a - 89 + 292, -2*z - 5*a = -421. Suppose 4*d - 13*y = -11*y + 882, -d = -y - z. List the prime factors of d.
223
Let s(x) = -687 + 1358 - 677 + 20*x. Suppose -c - 4 = -3*c. What are the prime factors of s(c)?
2, 17
Let d = -9328 + 11576. What are the prime factors of d?
2, 281
Suppose 5*u = 2*b - 6*b - 5, 35 = 3*b - 4*u. Suppose -3*x = 1 - 4, 4*o = -b*x + 45. What are the prime factors of o?
2, 5
Suppose 2*t = -2*j + 2, 3*j - 3*t - 5 - 16 = 0. Let d(g) = 99*g - 40. What are the prime factors of d(j)?
2, 89
Suppose 0 = 3*y + 4*v + v - 17, 3*y - v - 29 = 0. Suppose 0 = 14*r - 13*r - y. Suppose 0 = -r*s + 854 + 334. List the prime factors of s.
2, 3, 11
Let w(k) = -k - 1. Let h(o) = -36*o**2 + 3*o + 6. Let a(n) = -h(n) - 3*w(n). Suppose -4*f + 14 = 3*g, 3*g - 93*f = -88*f - 31. List the prime factors of a(g).
3, 47
Let w = -63 - -60. List the prime factors of 37*(w - (-12 + 6)).
3, 37
Suppose 2810 = 19*h - 14*h. Suppose h = 6*c - 1760. List the prime factors of c.
3, 43
Suppose 0 = 8*r - 49 + 17. Suppose 7 + 13 = -r*f, 0 = -2*m - 4*f - 16. Let p = m + 48. List the prime factors of p.
2, 5
Let l(v) = v**3 - 37*v**2 + 262*v - 273. Let o be l(28). Let u(k) = 13 + 15*k - 47 - 13. What are the prime factors of u(o)?
2, 29
Let n(l) = -l. Let q(m) = 8*m + 6. Let p(v) = -3*n(v) - q(v). Let o be p(-1). Let a(s) = -41*s - 4. What are the prime factors of a(o)?
37
Let x = -1221 + 585. List the prime factors of ((-45)/(-10))/(1/(x/(-18))).
3, 53
Suppose 2*k = -2*k - 5*x - 603, -3*x + 155 = -k. Let m = k + 252. List the prime factors of m.
2, 5
What are the prime factors of 14 + (-17 - -39)*568?
2, 3, 5, 139
Let v = 916 + -913. Let p be (2/1)/(2/4). Suppose -j + 11 = z + 2*z, -p*z + 23 = v*j. What are the prime factors of j?
5
Suppose -h - 722 + 4944 = o, 0 = -o + 5*h + 4210. Suppose 4*z - y - o + 460 = 0, 0 = -5*z - 5*y + 4675. What are the prime factors of z?
3, 313
Let u = 430 + -624. Let w = u + 564. Suppose 12*z - w = 7*z. List the prime factors of z.
2, 37
Suppose 0*m + m - 5 = 0. Suppose -13*j - 3*b - 4 = -14*j, 0 = 4*j - m*b - 16. Suppose u + 126 = j*u. What are the prime factors of u?
2, 3, 7
What are the prime factors of ((-318)/4)/((-250)/11000)?
2, 3, 11, 53
Let r(k) = 3*k + 705. What are the prime factors of r(-7